-22)?
360
Let d(i) = 2*i**2 + 13275*i + 66334. Determine d(-5).
9
Let z(u) = u**3 + 18*u**2 - 10*u - 979. Determine z(-13).
-4
Let c(o) = -7*o**2 - 346*o + 900. Give c(-52).
-36
Let c(l) = -5*l**3 - 9*l**2 + 10*l. Calculate c(-7).
1204
Let q(t) = 2*t**3 + 52*t**2 + 143*t + 1003. Calculate q(-24).
-125
Let d(q) = q**3 - 299*q**2 + 20257*q - 6056847. What is d(299)?
-4
Let p(r) = 2725*r + 207090. Calculate p(-76).
-10
Let c(r) = -3280*r + 351652. Calculate c(107).
692
Let b(r) = -1465*r + 10192. What is b(7)?
-63
Let z(l) = l**2 + 160*l + 3918. What is z(-130)?
18
Let j(w) = w**3 - 647*w**2 - 28188*w + 813. Give j(-41).
-7
Let s(h) = 32419*h - 7359106. Calculate s(227).
7
Let u(x) = 2552*x - 5130. Calculate u(2).
-26
Let k(g) = -15*g**2 + 1243*g - 18859. Determine k(20).
1
Let p(u) = -15*u**2 - 1353*u - 1334. Give p(-1).
4
Let q(a) = -4136*a - 243998. Give q(-59).
26
Let j(l) = l**3 + 21*l**2 - 357*l - 7547. Calculate j(-20).
-7
Let k(w) = 1484212*w - 13357920. Calculate k(9).
-12
Let g(l) = -729*l - 48578. What is g(-66)?
-464
Let s(t) = -t**2 - 10*t + 1200. Calculate s(23).
441
Let i(v) = v**2 + 31*v - 116. Give i(6).
106
Let b(k) = k**3 + 305*k**2 + 604*k - 580. Give b(-303).
26
Let k(p) = -p**3 + 35*p**2 - 293*p + 15455. Determine k(38).
-11
Let f(k) = k**3 + 22*k**2 - 397*k + 3. What is f(-34)?
-371
Let t(z) = -z**3 + 35*z**2 + 59*z + 522. Determine t(37).
-33
Let x(h) = h**3 + 42*h**2 + 345*h + 721. What is x(-8)?
137
Let b(m) = -62*m**3 + 1466*m**2 + 269*m - 29. Calculate b(24).
-6245
Let o(c) = c**2 - 61*c - 2237. What is o(91)?
493
Let d(t) = 402*t**2 + 2780*t + 18. Give d(-7).
256
Let h(x) = -718*x**2 + 3246*x - 1502. Determine h(4).
-6
Let b(j) = 65*j - 5596. Give b(79).
-461
Let s(m) = -625*m + 5834. Determine s(9).
209
Let t(h) = -13*h**2 + 169*h - 2515. Determine t(16).
-3139
Let q(u) = 2*u**2 - 1564*u + 245920. Determine q(564).
16
Let f(b) = -2*b**3 + 621*b**2 + 4137*b - 5070. Give f(317).
2
Let n(i) = 65*i**2 + 40*i - 2. Determine n(-4).
878
Let d(g) = -235130*g + 37385660. What is d(159)?
-10
Let j(y) = 10*y**3 + 6*y**2 + 25*y - 44. Calculate j(3).
355
Let r(t) = 71760*t + 430364. What is r(-6)?
-196
Let n(m) = -114266*m + 114262. Give n(1).
-4
Let y(r) = 1862*r - 26177. Determine y(14).
-109
Let f(j) = 23*j**3 - 40*j**2 - 16*j + 5. Calculate f(3).
218
Let d(o) = o**3 - 139*o**2 + 4800*o + 13. Give d(75).
13
Let q(t) = -6*t**3 + 31*t**2 - 2681*t + 16139. What is q(6)?
-127
Let p(q) = 17043*q + 102254. Calculate p(-6).
-4
Let i(b) = 508*b + 952. Determine i(-8).
-3112
Let f(c) = -5*c**3 - 3142*c**2 - 1048*c + 130637. Give f(-628).
13
Let o(z) = z**3 - 25*z**2 - 1649*z - 77. Give o(55).
-22
Let k(b) = 36*b**2 - 9732*b + 12901. Calculate k(269).
-11
Let w(j) = -15884*j - 32029. Give w(-2).
-261
Let c(m) = m**3 + 330*m**2 - 4463*m - 1373. Give c(-343).
-1
Let j(y) = -y**2 + 31184*y + 155936. Give j(-5).
-9
Let y(x) = 3*x**3 + 80*x**2 - 301*x + 19. Determine y(-30).
49
Let f(n) = -11180*n - 1352776. Calculate f(-121).
4
Let i(y) = y**3 + 505*y**2 + 1496*y - 5047. Determine i(-502).
-27
Let x(k) = 185*k**2 + 6823*k - 13640. Calculate x(2).
746
Let h(g) = -21*g**2 + 209*g + 1276. What is h(-7)?
-1216
Let s(x) = 815995*x - 4079948. Calculate s(5).
27
Let m(s) = -s**2 + 170*s - 2991. Determine m(19).
-122
Let r(d) = 968*d**2 + 298147*d + 920. Determine r(-308).
-4
Let i(u) = -716143*u - 10742145. What is i(-15)?
0
Let s(c) = 6*c**3 + 9*c**2 - 48*c - 17. Determine s(5).
718
Let i(c) = -7*c**2 + 847*c + 1714. Calculate i(123).
-8
Let b(k) = 290*k**2 + 35667*k - 367. What is b(-123)?
2
Let y(f) = 1991*f - 71451. What is y(36)?
225
Let c(y) = 545854*y + 10917087. Give c(-20).
7
Let h(i) = -726*i**2 + 341*i + 342. What is h(-1)?
-725
Let u(j) = -4*j**3 + 38*j**2 - 3041*j + 17737. What is u(6)?
-5
Let u(g) = 626*g**2 - 11884*g - 118. Calculate u(19).
72
Let q(c) = -119*c + 11324. Determine q(96).
-100
Let f(p) = -4*p**3 - 40*p**2 - 1703*p - 1664. Give f(-1).
3
Let r(l) = -39833*l + 278836. What is r(7)?
5
Let z(t) = -t**2 + 304*t - 16349. Give z(73).
514
Let d(b) = -2*b**3 - 28*b**2 + 20*b + 20. Calculate d(-14).
-260
Let o(j) = -5035*j**2 + 146006*j + 279. Determine o(29).
18
Let y(u) = 31*u**2 + 12369*u + 73. What is y(-399)?
73
Let k(i) = -1621*i - 48636. What is k(-30)?
-6
Let c(h) = 4*h**3 - 8*h**2 + 715*h - 1421. Determine c(2).
9
Let g(h) = 2*h**3 - 28*h**2 - 111*h + 1742. Determine g(13).
-39
Let a(b) = -b**2 - 364*b + 6891. Calculate a(-382).
15
Let t(a) = 6976*a - 195323. Calculate t(28).
5
Let v(g) = 32747*g - 131015. Give v(4).
-27
Let w(h) = 3*h**2 - 365*h + 5905. Give w(19).
53
Let x(q) = -7241*q - 7215. Calculate x(-1).
26
Let b(n) = 2270*n + 901187. Give b(-397).
-3
Let p(k) = -822*k - 81. What is p(-1)?
741
Let c(u) = -u**3 + 47*u**2 - 157*u - 183. What is c(43)?
462
Let m(l) = -69571*l - 765283. Give m(-11).
-2
Let v(c) = -3*c**3 + 59*c**2 - 203*c + 4. Calculate v(15).
109
Let v(k) = 1191*k + 28743. What is v(-23)?
1350
Let f(x) = 840*x - 7583. Calculate f(9).
-23
Let a(g) = -2*g**3 - g**2 + 110*g - 5. Give a(0).
-5
Let d(c) = 3*c**3 + 500*c**2 - 236*c - 11529. Determine d(-167).
-6
Let b(x) = -2067*x + 83296. Determine b(40).
616
Let u(c) = c**3 - 38*c**2 - 9437*c - 233. Determine u(118).
121
Let w(f) = 3824*f**2 + 275*f - 274. Determine w(1).
3825
Let x(k) = 12*k**2 + 608*k - 2123. Give x(-54).
37
Let d(z) = 29*z**3 + 163*z**2 - 16*z + 25. What is d(-6)?
-275
Let q(l) = -l**3 - 12*l**2 + 3370*l + 37182. Calculate q(-11).
-9
Let h(p) = -3*p**2 + 1042*p + 13166. Calculate h(-13).
-887
Let v(c) = -257225*c - 4630057. Determine v(-18).
-7
Let y(o) = 186*o**3 + 6698*o**2 + 73*o - 101. Give y(-36).
-137
Let x(t) = 11*t**3 + 62*t**2 + 220*t + 1479. Determine x(-6).
15
Let f(o) = 72*o**2 + 12272*o - 6827. Calculate f(-171).
13
Let h(s) = -4*s**3 + 57*s**2 + 489*s + 71. What is h(-6)?
53
Let q(l) = l**3 - 259*l - 54. Give q(-13).
1116
Let n(g) = -19*g**3 + 108*g**2 - 124*g + 15. Determine n(4).
31
Let o(i) = 269*i + 1997. What is o(-7)?
114
Let i(j) = 2943*j + 235429. Determine i(-80).
-11
Let a(p) = 8*p**2 + 293*p + 223. Give a(-38).
641
Let l(s) = -122*s - 18240. Determine l(-153).
426
Let n(c) = 42*c**2 + 1231*c + 8232. Determine n(-19).
5
Let u(b) = -1807*b - 312600. Determine u(-173).
11
Let x(h) = h**2 + 11077*h - 110887. Give x(10).
-17
Let h(t) = -115054*t - 5752695. Give h(-50).
5
Let k(i) = -221460*i + 3543359. Give k(16).
-1
Let x(j) = j**2 + 1011*j - 237991. Give x(197).
-15
Let s(o) = -o**2 + 12*o + 1081. Determine s(32).
441
Let f(m) = m**3 + 143*m**2 - 213*m + 32853. What is f(-146)?
3
Let h(o) = -3*o**3 + 21*o**2 - 98*o + 16. Calculate h(10).
-1864
Let i(a) = -5*a**3 - 39*a**2 + 82*a + 83. Give i(-11).
1117
Let d(t) = 28881*t**2 + 144403*t + 17. Calculate d(-5).
27
Let t(q) = -q**3 + 1048*q**2 + 795*q + 266424. Determine t(1049).
-22
Let w(f) = 3*f**2 + 112*f + 801. What is w(-13)?
-148
Let j(t) = -t**2 + 21473*t + 150369. What is j(-7)?
9
Let i(q) = 6606*q + 178590. What is i(-27)?
228
Let l(f) = -f**2 - 9390*f + 46998. Determine l(5).
23
Let u(v) = -9*v**2 + 137*v - 1217. Give u(37).
-8469
Let f(y) = -5699*y + 991625. Calculate f(174).
-1
Let n(a) = -17758*a - 3853494. Calculate n(-217).
-8
Let m(o) = -39036*o + 819730. Calculate m(21).
-26
Let n(c) = -3*c**3 - 1783*c**2 - 580*c + 8300. Determine n(-594).
-16
Let x(v) = -v**3 - 58*v**2 - 869*v - 2870. Determine x(-36).
-98
Let r(o) = 365116*o - 1825571. Give r(5).
9
Let r(b) = -2270*b**2 + 136201*b - 39. Give r(60).
21
Let c(l) = 8194*l + 65345. Calculate c(-8).
-207
Let w(x) = -18*x**3 + 3363*x**2 + 3945*x + 559. Give w(188).
-5
Let x(f) = -3*f**3 + 1402*f**2 + 973*f - 17177. Calculate x(468).
139
Let n(j) = 78*j**2 + 211*j - 137. Determine n(-7).
2208
Let u(o) = -3*o**2 - 7857*o + 47219. Determine u(6).
-31
Let s(f) = f**2 - 3949*f - 79366. What is s(-20)?
14
Let g(v) = -v**2 - 188*v + 18865. Calculate g(72).
145
Let b(p) = -40*p**3 - 563*p**2 - 47*p - 9. Determine b(-14).
61
Let t(w) = -22*w**3 - 111*w**2 - 3*w + 10. What is t(-5)?
0
Let b(j) = -3*j**3 - 160*j**2 + 283*j + 19. Determine b(-55).
-421
Let r(s) = 120*s**2 + 3626*s + 9. Give r(-31).
2923
Let u(c) = -205066*c + 19071140. What is u(93)?
2
Let v(s) = -1261*s - 6582. Calculate v(-3).
-2799
Let n(s